se 7) to base 3.
110
Convert -2 (base 11) to base 5.
-2
-3 (base 10) to base 2
-11
What is 6 (base 15) in base 2?
110
What is -125 (base 9) in base 15?
-6e
-44 (base 11) to base 14
-36
-8 (base 14) to base 10
-8
-1 (base 13) to base 7
-1
-25 (base 8) to base 2
-10101
What is -182 (base 13) in base 11?
-230
Convert 21 (base 3) to base 14.
7
What is 0 (base 6) in base 8?
0
-1 (base 14) to base 3
-1
What is -1 (base 6) in base 12?
-1
What is 12 (base 14) in base 8?
20
Convert 2111 (base 3) to base 4.
1003
Convert 2 (base 3) to base 6.
2
What is -100 (base 2) in base 14?
-4
Convert 36 (base 13) to base 9.
50
-11 (base 3) to base 9
-4
What is -33 (base 6) in base 5?
-41
Convert 100 (base 2) to base 14.
4
Convert -4 (base 13) to base 9.
-4
Convert -37 (base 11) to base 14.
-2c
21 (base 4) to base 6
13
Convert -200 (base 3) to base 6.
-30
Convert -1012 (base 3) to base 2.
-100000
-13 (base 5) to base 7
-11
What is -82 (base 9) in base 6?
-202
What is -3 (base 5) in base 11?
-3
What is -2301 (base 4) in base 5?
-1202
Convert 7 (base 9) to base 16.
7
-9 (base 11) to base 3
-100
Convert 110000 (base 2) to base 8.
60
Convert 4 (base 6) to base 5.
4
What is 7 (base 10) in base 13?
7
1104 (base 7) to base 11
330
What is -12 (base 3) in base 7?
-5
Convert -2 (base 14) to base 12.
-2
-12 (base 11) to base 15
-d
3 (base 4) to base 9
3
What is 120 (base 10) in base 2?
1111000
9a (base 16) to base 10
154
What is 25 (base 8) in base 9?
23
What is -6 (base 16) in base 8?
-6
What is -54 (base 15) in base 16?
-4f
-25 (base 7) to base 12
-17
5 (base 14) to base 6
5
0 (base 16) to base 6
0
1 (base 8) to base 13
1
-12201 (base 3) to base 2
-10011010
-8 (base 11) to base 6
-12
Convert -17 (base 8) to base 2.
-1111
-100010 (base 2) to base 9
-37
What is 131 (base 12) in base 6?
501
What is -2d (base 16) in base 11?
-41
What is -52 (base 10) in base 5?
-202
What is 0 (base 8) in base 14?
0
-c (base 15) to base 2
-1100
Convert 131 (base 4) to base 12.
25
-4 (base 12) to base 9
-4
What is -18 (base 15) in base 2?
-10111
What is 67 (base 9) in base 4?
331
2303 (base 4) to base 13
10a
Convert -2 (base 10) to base 12.
-2
Convert -101 (base 3) to base 4.
-22
What is -340 (base 7) in base 14?
-c7
Convert -35 (base 9) to base 4.
-200
Convert 0 (base 5) to base 13.
0
Convert 2 (base 16) to base 4.
2
Convert -3 (base 14) to base 4.
-3
56 (base 15) to base 8
121
What is 3 (base 11) in base 10?
3
220 (base 3) to base 4
120
-9 (base 12) to base 16
-9
What is 154 (base 7) in base 2?
1011000
-1 (base 12) to base 13
-1
What is -3 (base 6) in base 9?
-3
What is 82 (base 11) in base 9?
110
What is 2 (base 14) in base 8?
2
-5 (base 9) to base 7
-5
Convert 3 (base 8) to base 4.
3
140 (base 9) to base 5
432
-3 (base 7) to base 11
-3
What is -2133 (base 5) in base 8?
-445
-123 (base 4) to base 10
-27
Convert 145 (base 15) to base 5.
2130
What is -1 (base 12) in base 5?
-1
Convert 17 (base 8) to base 2.
1111
Convert -12 (base 5) to base 8.
-7
What is -4 (base 5) in base 16?
-4
Convert 2 (base 12) to base 7.
2
Convert -6 (base 11) to base 13.
-6
What is 4 (base 16) in base 10?
4
What is 17 (base 9) in base 12?
14
7c (base 14) to base 6
302
-51 (base 14) to base 10
-71
What is 6 (base 7) in base 6?
10
What is -74 (base 8) in base 2?
-111100
0 (base 16) to base 3
0
Convert -15 (base 11) to base 3.
-121
-144 (base 6) to base 2
-1000000
-1 (base 13) to base 3
-1
What is -11 (base 14) in base 6?
-23
Convert -2 (base 7) to base 14.
-2
-1c (base 13) to base 9
-27
Convert 2 (base 5) to base 13.
2
2 (base 9) to base 14
2
What is -212 (base 5) in base 9?
-63
Convert -2 (base 10) to base 3.
-2
What is 45 (base 15) in base 13?
50
Convert -4 (base 13) to base 4.
-10
What is -232 (base 7) in base 8?
-171
What is 32 (base 10) in base 9?
35
What is 44 (base 14) in base 5?
220
Convert -12 (base 4) to base 13.
-6
What is 11 (base 3) in base 12?
4
3 (base 4) to base 9
3
What is -3 (base 4) in base 12?
-3
What is -33 (base 10) in base 14?
-25
What is -3 (base 11) in base 6?
-3
Convert -6 (base 7) to base 3.
-20
What is -5 (base 14) in base 4?
-11
Convert -266 (base 10) to base 16.
-10a
153 (base 7) to base 15
5c
-23 (base 9) to base 4
-111
Convert 11 (base 2) to base 14.
3
Convert 1011 (base 4) to base 8.
105
What is -21001 (base 3) in base 6?
-514
133 (base 4) to base 13
25
What is -201 (base 5) in base 11?
-47
-1 (base 15) to base 8
-1
Convert -62 (base 14) to base 6.
-222
-100 (base 9) to base 3
-10000
What is -21 (base 4) in base 11?
-9
-2132 (base 4) to base 5
-1113
What is -1 (base 4) in base 7?
-1
Convert 3 (base 8) to base 11.
3
What is -13 (base 12) in base 16?
-f
Convert c8 (base 14) to base 10.
176
Convert 1a (base 16) to base 9.
28
What is -3220 (base 4) in base 16?
-e8
Convert -22 (base 14) to base 7.
-42
What is 14 (base 15) in base 4?
103
14 (base 9) to base 8
15
Convert 10 (base 4) to base 15.
4
0 (base 2) to base 15
0
Convert 1100 (base 3) to base 2.
100100
Convert -2 (base 6) to base 13.
-2
2 (base 16) to base 12
2
Convert 3 (base 13) to base 3.
10
What is -1 (base 8) in base 2?
-1
Convert 1 (base 11) to base 8.
1
Convert 20 (base 4) to base 11.
8
What is -1110 (base 3) in base 8?
-47
3 (base 9) to base 8
3
Convert -8 (base 12) to base 15.
-8
Convert -155 (base 6) to base 2.
-1000111
-1 (base 12) to base 4
-1
Convert 83 (base 11) to base 16.
5b
What is -4 (base 11) in base 16?
-4
-3 (base 8) to base 16
-3
-b (base 15) to base 10
-11
What is -44 (base 6) in base 14?
-20
What is -1010010 (base 2) in base 13?
-64
-36 (base 9) to base 8
-41
What is -12 (base 5) in base 7?
-10
21 (base 6) to base 11
12
What is 8 (base 11) in base 2?
1000
1 (base 2) to base 6
1
233 (base 4) to base 7
65
What is 101110 (base 2) in base 8?
56
Convert -4 (base 15) to base 4.
-10
-3302 (base 4) to base 2
-11110010
Convert 11 (base 2) to base 14.
3
What is 102 (base 3) in base 9?
12
Convert 4 (base 7) to base 10.
4
e (base 15) to base 8
16
Convert -122 (base 3) to base 14.
-13
Convert -3 (base 13) to base 11.
-3
155 (base 7) to base 6
225
-237 (base 9) to base 11
-169
0 (base 11) to base 4
0
371 (base 8) to base 3
100020
24 (base 13) to base 16
1e
-2a (base 16) to base 7
-60
-1 (base 4) to base 15
-1
15 (base 16) to base 4
111
Convert 11121 (base 3) to base 10.
124
What is 51 (base 7) in base 8?
44
0 (base 2) to base 10
0
What is -2 (base 15) in base 13?
-2
What is -3 (base 7) in base 5?
-3
What is 4 (base 13) in base 8?
4
What is -1210 (base 6) in base 2?
-100100110
What is -66 (base 8) in base 2?
-110110
100110 (base 2) to base 9
42
3 (base 7) to base 5
3
-4a (base 12) to base 13
-46
114 (base 8) to base 5
301
Convert -1d (base 15) to base 14.
-20
Convert 24 (base 9) to base 2.
10110
-31 (base 4) to base 11
-12
What is -12 (base 6) in base 16?
-8
What is -222 (base 3) in base 2?
-11010
-19 (base 15) to base 5
-44
What is -121 (base 6) in base 11?
-45
What is -11 (base 4) in base 6?
-5
9 (base 15) to base 3
100
Convert b (base 16) to base 7.
14
What is 12011 (base 3) in base 8?
213
What is -1 (base 7) in base 8?
-1
245 (base 6) to base 5
401
103 (base 5) to base 2
11100
Convert -46 (base 10) to base 8.
-56
What is 31 (base 4) in base 8?
15
What is -9c (base 15) in base 7?
-300
Convert -12 (base 6) to base 11.
-8
Convert -1 (base 9) to base 16.
-1
-1 (base 13) to base 14
-1
Convert 1010 (base 2) to base 10.
10
What is -9 (base 13) in base 3?
-100
-22 (base 13) to base 16
-1c
15 (base 7) to base 11
11
Convert 34 (base 8) to base 7.
40
Convert -102 (base 3) to base 12.
-b
What is 20 (base 7) in base 9?
15
-58 (base 12) to base 13
-53
9 (base 10) to base 8
11
1 (base 5) to base 9
1
3 (base 11) to base 9
3
Convert 1 (base 7) to base 6.
1
Convert 1 (base 9) to base 10.
1
Convert 6 (base 11) to base 4.
12
Convert -8 (base 16) to base 10.
-8
Convert 11 (base 9) to base 12.
a
What is 5 (base 7) in base 6?
5
Convert 244 (base 7) to base 16.
82
12b (base 12) to base 6
455
Convert 41 (base 13) to base 16.
35
Convert -5 (base 11) to base 9.
-5
Convert -11 (base 2) to base 14.
-3
433 (base 7) to base 2
11011100
Convert -5 (base 10) to base 15.
-5
What is 2 (base 5) in base 8?
2
Convert -10 (base 9) to base 11.
-9
What is -a (base 11) in base 14?
-a
What is -3 (base 11) in base 4?
-3
Convert 14 (base 6) to base 13.
a
-5 (base 15) to